{"id":3364,"date":"2025-03-05T17:59:18","date_gmt":"2025-03-05T17:59:18","guid":{"rendered":"https:\/\/shop.amikeco.ro\/?page_id=3364"},"modified":"2025-03-05T18:03:02","modified_gmt":"2025-03-05T18:03:02","slug":"politica-ramburs-si-retur","status":"publish","type":"page","link":"http:\/\/shop.amikeco.ro\/?page_id=3364","title":{"rendered":"Politica ramburs \u0219i retur"},"content":{"rendered":"\t\t<div data-elementor-type=\"wp-page\" data-elementor-id=\"3364\" class=\"elementor elementor-3364\">\n\t\t\t\t<div class=\"elementor-element elementor-element-fc7fb47 e-flex e-con-boxed e-con e-parent\" data-id=\"fc7fb47\" data-element_type=\"container\">\n\t\t\t\t\t<div class=\"e-con-inner\">\n\t\t\t\t<div class=\"elementor-element elementor-element-493c58c elementor-widget elementor-widget-text-editor\" data-id=\"493c58c\" data-element_type=\"widget\" data-widget_type=\"text-editor.default\">\n\t\t\t\t<div class=\"elementor-widget-container\">\n\t\t\t\t\t\t\t\t\t<h5 class=\"wp-block-heading\">POLITICA GENERAL\u0102<\/h5><p>Politica noastr\u0103 de rambursare \u0219i returnare dureaz\u0103 30 de zile. Dac\u0103 au trecut 30 de zile de la achizi\u021bie, nu v\u0103 putem oferi o rambursare complet\u0103 sau un schimb.<\/p><p>Pentru a fi eligibil de retur, articolul dumneavoastr\u0103 trebuie s\u0103 fie nefolosit \u0219i \u00een aceea\u0219i stare \u00een care l-a\u021bi primit. De asemenea, trebuie s\u0103 fie \u00een ambalajul original.<\/p><p>Articole suplimentare care nu pot fi returnate:<\/p><p>-Carduri cadou<br \/>-Produse software desc\u0103rcabile<br \/>-Unele articole de s\u0103n\u0103tate \u0219i \u00eengrijire personal\u0103<br \/>-Pentru a finaliza returnarea, avem nevoie de o chitan\u021b\u0103 sau o dovad\u0103 de cump\u0103rare.<\/p><p>-Orice articol care nu se afl\u0103 \u00een starea sa original\u0103, este deteriorat sau lipse\u0219te piese din motive care nu se datoreaz\u0103 erorii noastre.<br \/>-Orice articol care este returnat la mai mult de 30 de zile de la livrare.<\/p><h5 class=\"wp-block-heading\">Rambursare<\/h5><p>Odat\u0103 ce returnarea dvs. este primit\u0103 \u0219i inspectat\u0103, v\u0103 vom trimite un e-mail pentru a v\u0103 anun\u021ba c\u0103 am primit articolul returnat. De asemenea, v\u0103 vom anun\u021ba cu privire la aprobarea sau respingerea ramburs\u0103rii.<\/p><p>Dac\u0103 a fost aprobat\u0103, rambursarea dvs. va fi procesat\u0103 \u0219i un credit va fi aplicat automat cardului dvs. de credit sau metodei ini\u021biale de plat\u0103, \u00eentr-un anumit num\u0103r de zile.<\/p><p>Ramburs\u0103ri \u00eent\u00e2rziate sau lips\u0103<\/p><p>Dac\u0103 nu a\u021bi primit \u00eenc\u0103 o rambursare, mai \u00eent\u00e2i verifica\u021bi din nou contul dvs. bancar.<\/p><p>Apoi contacta\u021bi compania dvs. de card de credit, poate dura ceva timp p\u00e2n\u0103 c\u00e2nd rambursarea dvs. este publicat\u0103 oficial.<\/p><p>Apoi contacta\u021bi banca dvs. Exist\u0103 adesea un timp de procesare \u00eenainte ca o rambursare s\u0103 fie postat\u0103.<\/p><p>Dac\u0103 a\u021bi f\u0103cut toate acestea \u0219i \u00eenc\u0103 nu a\u021bi primit rambursarea, v\u0103 rug\u0103m s\u0103 ne contacta\u021bi la contact@globalpharm.ro.<\/p><p><strong>Produse cu pre\u021b redus<\/strong><\/p><p>Numai articolele cu pre\u021b obi\u0219nuit pot fi rambursate. Articolele v\u00e2ndute la promo\u021bie nu pot fi rambursate.<\/p><h5 class=\"wp-block-heading\">Schimburi<\/h5><p>\u00cenlocuim articolele numai dac\u0103 sunt defecte sau deteriorate. Dac\u0103 trebuie s\u0103 \u00eel schimba\u021bi cu acela\u0219i articol, scrie\u021bi-ne un e-mail la contact@amikeco.ro \u0219i trimite\u021bi articolul dvs. la: S.C. AMIKECO S.R.L (Bucure\u0219ti, Drumul Gura Cali\u021bei, Nr 4-32, Sector 3).<\/p><h5 class=\"wp-block-heading\">Cadouri<\/h5><p>Dac\u0103 articolul a fost marcat ca cadou c\u00e2nd a fost cump\u0103rat \u0219i expediat direct c\u0103tre dvs., ve\u021bi primi un credit cadou pentru valoarea return\u0103rii dvs. Odat\u0103 ce articolul returnat este primit, vi se va trimite un certificat cadou.<\/p><p>\u00cen cazul \u00een care articolul nu a fost marcat ca cadou la cump\u0103rare, sau persoana care a primit cadoul a primit comanda pentru a vi-o oferi mai t\u00e2rziu, vom trimite o rambursare celui care a oferit cadoul \u0219i acesta va afla despre returnarea dvs.<\/p><h5 class=\"wp-block-heading\">Livrare retururi<\/h5><p>Pentru a v\u0103 returna produsul, trebuie s\u0103 v\u0103 trimite\u021bi produsul la: S.C. AMIKECO S.R.L (Bucure\u0219ti, Drumul Gura Cali\u021bei, Nr 4-32, Sector 3).<\/p><p>Ve\u021bi fi responsabil pentru plata propriilor costuri de transport pentru returnarea articolului. Costurile de transport sunt nerambursabile. Dac\u0103 primi\u021bi o rambursare, costul transportului de retur va fi dedus din rambursare.<\/p><p>\u00cen func\u021bie de locul \u00een care locui\u021bi, timpul necesar pentru ca produsul dvs. schimbat s\u0103 ajung\u0103 la dvs. poate varia.<\/p><p>Dac\u0103 returna\u021bi articole mai scumpe, v\u0103 recomand\u0103m s\u0103 utiliza\u021bi un serviciu de expediere urm\u0103ribil sau s\u0103 cump\u0103ra\u021bi o asigurare de transport. Nu v\u0103 garant\u0103m c\u0103 vom primi articolul returnat.<\/p><h5 class=\"wp-block-heading\">Ai nevoie de ajutor?<\/h5><p>Contacta\u021bi-ne la contact@amikeco.ro pentru \u00eentreb\u0103ri legate de ramburs\u0103ri \u0219i return\u0103ri.<\/p>\t\t\t\t\t\t\t\t<\/div>\n\t\t\t\t<\/div>\n\t\t\t\t\t<\/div>\n\t\t\t\t<\/div>\n\t\t\t\t<\/div>\n\t\t","protected":false},"excerpt":{"rendered":"<p>POLITICA GENERAL\u0102 Politica noastr\u0103 de rambursare \u0219i returnare dureaz\u0103 30 de zile. Dac\u0103 au trecut 30 de zile de la achizi\u021bie, nu v\u0103 putem oferi o rambursare complet\u0103 sau un schimb. Pentru a fi eligibil de retur, articolul dumneavoastr\u0103 trebuie s\u0103 fie nefolosit \u0219i \u00een aceea\u0219i stare \u00een care l-a\u021bi primit. De asemenea, trebuie s\u0103 [&hellip;]<\/p>\n","protected":false},"author":1,"featured_media":0,"parent":0,"menu_order":0,"comment_status":"closed","ping_status":"closed","template":"","meta":{"site-sidebar-layout":"no-sidebar","site-content-layout":"page-builder","ast-site-content-layout":"full-width-container","site-content-style":"default","site-sidebar-style":"default","ast-global-header-display":"","ast-banner-title-visibility":"","ast-main-header-display":"","ast-hfb-above-header-display":"","ast-hfb-below-header-display":"","ast-hfb-mobile-header-display":"","site-post-title":"disabled","ast-breadcrumbs-content":"","ast-featured-img":"disabled","footer-sml-layout":"","ast-disable-related-posts":"","theme-transparent-header-meta":"","adv-header-id-meta":"","stick-header-meta":"","header-above-stick-meta":"","header-main-stick-meta":"","header-below-stick-meta":"","astra-migrate-meta-layouts":"set","ast-page-background-enabled":"default","ast-page-background-meta":{"desktop":{"background-color":"","background-image":"","background-repeat":"repeat","background-position":"center center","background-size":"auto","background-attachment":"scroll","background-type":"","background-media":"","overlay-type":"","overlay-color":"","overlay-opacity":"","overlay-gradient":""},"tablet":{"background-color":"","background-image":"","background-repeat":"repeat","background-position":"center center","background-size":"auto","background-attachment":"scroll","background-type":"","background-media":"","overlay-type":"","overlay-color":"","overlay-opacity":"","overlay-gradient":""},"mobile":{"background-color":"","background-image":"","background-repeat":"repeat","background-position":"center center","background-size":"auto","background-attachment":"scroll","background-type":"","background-media":"","overlay-type":"","overlay-color":"","overlay-opacity":"","overlay-gradient":""}},"ast-content-background-meta":{"desktop":{"background-color":"var(--ast-global-color-5)","background-image":"","background-repeat":"repeat","background-position":"center center","background-size":"auto","background-attachment":"scroll","background-type":"","background-media":"","overlay-type":"","overlay-color":"","overlay-opacity":"","overlay-gradient":""},"tablet":{"background-color":"var(--ast-global-color-5)","background-image":"","background-repeat":"repeat","background-position":"center center","background-size":"auto","background-attachment":"scroll","background-type":"","background-media":"","overlay-type":"","overlay-color":"","overlay-opacity":"","overlay-gradient":""},"mobile":{"background-color":"var(--ast-global-color-5)","background-image":"","background-repeat":"repeat","background-position":"center center","background-size":"auto","background-attachment":"scroll","background-type":"","background-media":"","overlay-type":"","overlay-color":"","overlay-opacity":"","overlay-gradient":""}},"footnotes":""},"class_list":["post-3364","page","type-page","status-publish","hentry"],"aioseo_notices":[],"_links":{"self":[{"href":"http:\/\/shop.amikeco.ro\/index.php?rest_route=\/wp\/v2\/pages\/3364","targetHints":{"allow":["GET"]}}],"collection":[{"href":"http:\/\/shop.amikeco.ro\/index.php?rest_route=\/wp\/v2\/pages"}],"about":[{"href":"http:\/\/shop.amikeco.ro\/index.php?rest_route=\/wp\/v2\/types\/page"}],"author":[{"embeddable":true,"href":"http:\/\/shop.amikeco.ro\/index.php?rest_route=\/wp\/v2\/users\/1"}],"replies":[{"embeddable":true,"href":"http:\/\/shop.amikeco.ro\/index.php?rest_route=%2Fwp%2Fv2%2Fcomments&post=3364"}],"version-history":[{"count":10,"href":"http:\/\/shop.amikeco.ro\/index.php?rest_route=\/wp\/v2\/pages\/3364\/revisions"}],"predecessor-version":[{"id":3374,"href":"http:\/\/shop.amikeco.ro\/index.php?rest_route=\/wp\/v2\/pages\/3364\/revisions\/3374"}],"wp:attachment":[{"href":"http:\/\/shop.amikeco.ro\/index.php?rest_route=%2Fwp%2Fv2%2Fmedia&parent=3364"}],"curies":[{"name":"wp","href":"https:\/\/api.w.org\/{rel}","templated":true}]}}